{"id":515,"date":"2025-05-23T11:12:04","date_gmt":"2025-05-23T11:12:04","guid":{"rendered":"https:\/\/www.coralcheck.com\/guia-de-especies\/?page_id=515"},"modified":"2025-06-20T17:43:19","modified_gmt":"2025-06-20T17:43:19","slug":"leptothecata","status":"publish","type":"page","link":"https:\/\/www.coralcheck.com\/guia-de-especies\/leptothecata\/","title":{"rendered":"Leptothecata"},"content":{"rendered":"\n<div style=\"height:100px\" aria-hidden=\"true\" class=\"wp-block-spacer\"><\/div>\n\n\n\n<div class=\"gb-element-34837719 contenedor-montserrat\">\n<div class=\"contenedor-montserrat\"><\/div>\n\n\n\n<div class=\"gb-element-c16b6829\">\n<p>Orden de hidrozoos caracterizados por sus p\u00f3lipos coloniales cubiertos por una teca quitinosa protectora llamada hidrotheca. Esta estructura r\u00edgida permite a los p\u00f3lipos, que son bent\u00f3nicos y s\u00e9siles, retraerse completamente para protegerse. Las colonias exhiben una gran diversidad morfol\u00f3gica, desde formas erectas ramificadas hasta colonias estolonadas. Los p\u00f3lipos presentan especializaci\u00f3n funcional en gastrozooides (alimentaci\u00f3n), gonozoides (reproducci\u00f3n) y, en algunos casos, dactilozoides (defensa).<\/p>\n\n\n\n<p>La fase bent\u00f3nica es fundamental, ya que estas colonias forman parte esencial de los ecosistemas marinos, proporcionando h\u00e1bitats y alimento para otros organismos. Paralelamente, el ciclo vital incluye una fase medusa planct\u00f3nica, generalmente con medusas peque\u00f1as, con gonadas en los canales radiales y con estatocistos para el equilibrio. Est\u00e1n ampliamente distribuidos en ambientes marinos desde aguas someras hasta el mar profundo, mostrando una notable adaptabilidad y papel ecol\u00f3gico en los bentos marinos. Una especie caracter\u00edstica en Canarias, es la pluma de mar (<em>Aglaophenia pluma<\/em>)<\/p>\n<\/div>\n\n\n\n<div><\/div>\n<\/div>\n\n\n\n<div style=\"height:275px\" aria-hidden=\"true\" class=\"wp-block-spacer\"><\/div>\n","protected":false},"excerpt":{"rendered":"<p>Orden de hidrozoos caracterizados por sus p\u00f3lipos coloniales cubiertos por una teca quitinosa protectora llamada hidrotheca. Esta estructura r\u00edgida permite a los p\u00f3lipos, que son bent\u00f3nicos y s\u00e9siles, retraerse completamente para protegerse. Las colonias exhiben una gran diversidad morfol\u00f3gica, desde formas erectas ramificadas hasta colonias estolonadas. Los p\u00f3lipos presentan especializaci\u00f3n funcional en gastrozooides (alimentaci\u00f3n), gonozoides &#8230; <a title=\"Leptothecata\" class=\"read-more\" href=\"https:\/\/www.coralcheck.com\/guia-de-especies\/leptothecata\/\" aria-label=\"Leer m\u00e1s sobre Leptothecata\">Leer m\u00e1s<\/a><\/p>\n","protected":false},"author":1,"featured_media":0,"parent":0,"menu_order":0,"comment_status":"closed","ping_status":"closed","template":"","meta":{"_acf_changed":false,"_sitemap_exclude":false,"_sitemap_priority":"","_sitemap_frequency":"","footnotes":""},"class_list":["post-515","page","type-page","status-publish"],"acf":[],"yoast_head":"<!-- This site is optimized with the Yoast SEO plugin v27.4 - https:\/\/yoast.com\/product\/yoast-seo-wordpress\/ -->\n<title>Leptothecata - CoralCheck<\/title>\n<meta name=\"robots\" content=\"index, follow, max-snippet:-1, max-image-preview:large, max-video-preview:-1\" \/>\n<link rel=\"canonical\" href=\"https:\/\/www.coralcheck.com\/guia-de-especies\/leptothecata\/\" \/>\n<meta property=\"og:locale\" content=\"es_ES\" \/>\n<meta property=\"og:type\" content=\"article\" \/>\n<meta property=\"og:title\" content=\"Leptothecata - CoralCheck\" \/>\n<meta property=\"og:description\" content=\"Orden de hidrozoos caracterizados por sus p\u00f3lipos coloniales cubiertos por una teca quitinosa protectora llamada hidrotheca. Esta estructura r\u00edgida permite a los p\u00f3lipos, que son bent\u00f3nicos y s\u00e9siles, retraerse completamente para protegerse. Las colonias exhiben una gran diversidad morfol\u00f3gica, desde formas erectas ramificadas hasta colonias estolonadas. Los p\u00f3lipos presentan especializaci\u00f3n funcional en gastrozooides (alimentaci\u00f3n), gonozoides ... Leer m\u00e1s\" \/>\n<meta property=\"og:url\" content=\"https:\/\/www.coralcheck.com\/guia-de-especies\/leptothecata\/\" \/>\n<meta property=\"og:site_name\" content=\"CoralCheck\" \/>\n<meta property=\"article:modified_time\" content=\"2025-06-20T17:43:19+00:00\" \/>\n<meta name=\"twitter:card\" content=\"summary_large_image\" \/>\n<meta name=\"twitter:label1\" content=\"Tiempo de lectura\" \/>\n\t<meta name=\"twitter:data1\" content=\"1 minuto\" \/>\n<script type=\"application\/ld+json\" class=\"yoast-schema-graph\">{\"@context\":\"https:\\\/\\\/schema.org\",\"@graph\":[{\"@type\":\"WebPage\",\"@id\":\"https:\\\/\\\/www.coralcheck.com\\\/guia-de-especies\\\/leptothecata\\\/\",\"url\":\"https:\\\/\\\/www.coralcheck.com\\\/guia-de-especies\\\/leptothecata\\\/\",\"name\":\"Leptothecata - CoralCheck\",\"isPartOf\":{\"@id\":\"https:\\\/\\\/www.coralcheck.com\\\/guia-de-especies\\\/#website\"},\"datePublished\":\"2025-05-23T11:12:04+00:00\",\"dateModified\":\"2025-06-20T17:43:19+00:00\",\"breadcrumb\":{\"@id\":\"https:\\\/\\\/www.coralcheck.com\\\/guia-de-especies\\\/leptothecata\\\/#breadcrumb\"},\"inLanguage\":\"es\",\"potentialAction\":[{\"@type\":\"ReadAction\",\"target\":[\"https:\\\/\\\/www.coralcheck.com\\\/guia-de-especies\\\/leptothecata\\\/\"]}]},{\"@type\":\"BreadcrumbList\",\"@id\":\"https:\\\/\\\/www.coralcheck.com\\\/guia-de-especies\\\/leptothecata\\\/#breadcrumb\",\"itemListElement\":[{\"@type\":\"ListItem\",\"position\":1,\"name\":\"Portada\",\"item\":\"https:\\\/\\\/www.coralcheck.com\\\/guia-de-especies\\\/\"},{\"@type\":\"ListItem\",\"position\":2,\"name\":\"Leptothecata\"}]},{\"@type\":\"WebSite\",\"@id\":\"https:\\\/\\\/www.coralcheck.com\\\/guia-de-especies\\\/#website\",\"url\":\"https:\\\/\\\/www.coralcheck.com\\\/guia-de-especies\\\/\",\"name\":\"CoralCheck\",\"description\":\"Gu\u00eda visual y offline de corales y ambientes del Atl\u00e1ntico\",\"publisher\":{\"@id\":\"https:\\\/\\\/www.coralcheck.com\\\/guia-de-especies\\\/#organization\"},\"potentialAction\":[{\"@type\":\"SearchAction\",\"target\":{\"@type\":\"EntryPoint\",\"urlTemplate\":\"https:\\\/\\\/www.coralcheck.com\\\/guia-de-especies\\\/?s={search_term_string}\"},\"query-input\":{\"@type\":\"PropertyValueSpecification\",\"valueRequired\":true,\"valueName\":\"search_term_string\"}}],\"inLanguage\":\"es\"},{\"@type\":\"Organization\",\"@id\":\"https:\\\/\\\/www.coralcheck.com\\\/guia-de-especies\\\/#organization\",\"name\":\"CoralCheck\",\"url\":\"https:\\\/\\\/www.coralcheck.com\\\/guia-de-especies\\\/\",\"logo\":{\"@type\":\"ImageObject\",\"inLanguage\":\"es\",\"@id\":\"https:\\\/\\\/www.coralcheck.com\\\/guia-de-especies\\\/#\\\/schema\\\/logo\\\/image\\\/\",\"url\":\"https:\\\/\\\/www.coralcheck.com\\\/guia-de-especies\\\/wp-content\\\/uploads\\\/2025\\\/08\\\/cropped-cropped-Header-logo-1.png\",\"contentUrl\":\"https:\\\/\\\/www.coralcheck.com\\\/guia-de-especies\\\/wp-content\\\/uploads\\\/2025\\\/08\\\/cropped-cropped-Header-logo-1.png\",\"width\":486,\"height\":150,\"caption\":\"CoralCheck\"},\"image\":{\"@id\":\"https:\\\/\\\/www.coralcheck.com\\\/guia-de-especies\\\/#\\\/schema\\\/logo\\\/image\\\/\"}}]}<\/script>\n<!-- \/ Yoast SEO plugin. -->","yoast_head_json":{"title":"Leptothecata - CoralCheck","robots":{"index":"index","follow":"follow","max-snippet":"max-snippet:-1","max-image-preview":"max-image-preview:large","max-video-preview":"max-video-preview:-1"},"canonical":"https:\/\/www.coralcheck.com\/guia-de-especies\/leptothecata\/","og_locale":"es_ES","og_type":"article","og_title":"Leptothecata - CoralCheck","og_description":"Orden de hidrozoos caracterizados por sus p\u00f3lipos coloniales cubiertos por una teca quitinosa protectora llamada hidrotheca. Esta estructura r\u00edgida permite a los p\u00f3lipos, que son bent\u00f3nicos y s\u00e9siles, retraerse completamente para protegerse. Las colonias exhiben una gran diversidad morfol\u00f3gica, desde formas erectas ramificadas hasta colonias estolonadas. Los p\u00f3lipos presentan especializaci\u00f3n funcional en gastrozooides (alimentaci\u00f3n), gonozoides ... Leer m\u00e1s","og_url":"https:\/\/www.coralcheck.com\/guia-de-especies\/leptothecata\/","og_site_name":"CoralCheck","article_modified_time":"2025-06-20T17:43:19+00:00","twitter_card":"summary_large_image","twitter_misc":{"Tiempo de lectura":"1 minuto"},"schema":{"@context":"https:\/\/schema.org","@graph":[{"@type":"WebPage","@id":"https:\/\/www.coralcheck.com\/guia-de-especies\/leptothecata\/","url":"https:\/\/www.coralcheck.com\/guia-de-especies\/leptothecata\/","name":"Leptothecata - CoralCheck","isPartOf":{"@id":"https:\/\/www.coralcheck.com\/guia-de-especies\/#website"},"datePublished":"2025-05-23T11:12:04+00:00","dateModified":"2025-06-20T17:43:19+00:00","breadcrumb":{"@id":"https:\/\/www.coralcheck.com\/guia-de-especies\/leptothecata\/#breadcrumb"},"inLanguage":"es","potentialAction":[{"@type":"ReadAction","target":["https:\/\/www.coralcheck.com\/guia-de-especies\/leptothecata\/"]}]},{"@type":"BreadcrumbList","@id":"https:\/\/www.coralcheck.com\/guia-de-especies\/leptothecata\/#breadcrumb","itemListElement":[{"@type":"ListItem","position":1,"name":"Portada","item":"https:\/\/www.coralcheck.com\/guia-de-especies\/"},{"@type":"ListItem","position":2,"name":"Leptothecata"}]},{"@type":"WebSite","@id":"https:\/\/www.coralcheck.com\/guia-de-especies\/#website","url":"https:\/\/www.coralcheck.com\/guia-de-especies\/","name":"CoralCheck","description":"Gu\u00eda visual y offline de corales y ambientes del Atl\u00e1ntico","publisher":{"@id":"https:\/\/www.coralcheck.com\/guia-de-especies\/#organization"},"potentialAction":[{"@type":"SearchAction","target":{"@type":"EntryPoint","urlTemplate":"https:\/\/www.coralcheck.com\/guia-de-especies\/?s={search_term_string}"},"query-input":{"@type":"PropertyValueSpecification","valueRequired":true,"valueName":"search_term_string"}}],"inLanguage":"es"},{"@type":"Organization","@id":"https:\/\/www.coralcheck.com\/guia-de-especies\/#organization","name":"CoralCheck","url":"https:\/\/www.coralcheck.com\/guia-de-especies\/","logo":{"@type":"ImageObject","inLanguage":"es","@id":"https:\/\/www.coralcheck.com\/guia-de-especies\/#\/schema\/logo\/image\/","url":"https:\/\/www.coralcheck.com\/guia-de-especies\/wp-content\/uploads\/2025\/08\/cropped-cropped-Header-logo-1.png","contentUrl":"https:\/\/www.coralcheck.com\/guia-de-especies\/wp-content\/uploads\/2025\/08\/cropped-cropped-Header-logo-1.png","width":486,"height":150,"caption":"CoralCheck"},"image":{"@id":"https:\/\/www.coralcheck.com\/guia-de-especies\/#\/schema\/logo\/image\/"}}]}},"_links":{"self":[{"href":"https:\/\/www.coralcheck.com\/guia-de-especies\/wp-json\/wp\/v2\/pages\/515","targetHints":{"allow":["GET"]}}],"collection":[{"href":"https:\/\/www.coralcheck.com\/guia-de-especies\/wp-json\/wp\/v2\/pages"}],"about":[{"href":"https:\/\/www.coralcheck.com\/guia-de-especies\/wp-json\/wp\/v2\/types\/page"}],"author":[{"embeddable":true,"href":"https:\/\/www.coralcheck.com\/guia-de-especies\/wp-json\/wp\/v2\/users\/1"}],"replies":[{"embeddable":true,"href":"https:\/\/www.coralcheck.com\/guia-de-especies\/wp-json\/wp\/v2\/comments?post=515"}],"version-history":[{"count":9,"href":"https:\/\/www.coralcheck.com\/guia-de-especies\/wp-json\/wp\/v2\/pages\/515\/revisions"}],"predecessor-version":[{"id":2640,"href":"https:\/\/www.coralcheck.com\/guia-de-especies\/wp-json\/wp\/v2\/pages\/515\/revisions\/2640"}],"wp:attachment":[{"href":"https:\/\/www.coralcheck.com\/guia-de-especies\/wp-json\/wp\/v2\/media?parent=515"}],"curies":[{"name":"wp","href":"https:\/\/api.w.org\/{rel}","templated":true}]}}